*u - o, 3*o - 349 = -2*u. Let y = 725866 - 725836. What is the remainder when u is divided by y?
29
Let y(m) = 9*m**2 + 77*m + 1050. Calculate the remainder when y(-15) is divided by 74.
70
Suppose -2*v = -4*k + 10, -3 = -v + 2. Suppose 0 = 3*u + 9, 3*u = -0*g - k*g + 2011. Suppose g = 5*h + 94. What is the remainder when h is divided by 13?
10
Suppose 789*a = 790*a - 1. Let s(b) = 0*b**3 - 1 - 29*b - b**2 + 13*b**3 + 30*b. Calculate the remainder when s(a) is divided by 11.
1
Let u be (4 - 16/4)/(-1). Suppose b = -u*b. Suppose b = -2*s - 2*s + 2*w + 16, 2*s + w = 12. What is the remainder when 19 is divided by s?
4
Let k be (65 - -8)/(1*5/25). Let w = k + -322. What is the remainder when w is divided by 12?
7
Let a = -453 + 476. What is the remainder when 90 is divided by (1 + (-3 - -6))/(2/a)?
44
Calculate the remainder when 431 is divided by (-852)/(-8)*-3*(-4)/9.
5
What is the remainder when 7 - (-2351 + 2 - (-4)/((-24)/42)) is divided by 32?
27
Suppose -5*r + 5 + 10 = 0. Let s be (r + -1 + -1)*-15. Calculate the remainder when (2/(4/(-105)))/(s/20) is divided by 20.
10
Let f be (3 - 1)/((-3)/(-48)). Suppose 28*y - f*y + 172 = 0. Calculate the remainder when y is divided by 7.
1
Suppose 5*r + 6 = 46. Suppose 3*i - 5*g - 37 = 5*i, -5*i + 2*g - 78 = 0. Calculate the remainder when 303/15 + i/(-20) is divided by r.
5
Let o(j) = -j**3 - 6*j**2 + 3. Let u be o(-6). Let p(x) = -19*x + 8. Calculate the remainder when p(-6) is divided by ((111/6)/1 - u)*2.
29
Suppose 3*q - 5 = 5*y, -3*y + 1 = -0*q - q. Suppose -3 = 6*x + 15. Calculate the remainder when 6 is divided by (13 + x)/((-1)/(-1)*y).
1
Let y be (13 - 16)*(-26)/6. Let d = y + 84. What is the remainder when d is divided by 11?
9
Let k be (2 + 2)/2 - -4. What is the remainder when 191 + k + 3 + (1 - 0) is divided by 17?
14
Suppose 41544 = 51*k - 684. Calculate the remainder when k is divided by 57.
30
Suppose 0 = -12*o + 6*o + 120. Let i = o + -19. Calculate the remainder when 109 is divided by (-2 - -1)*(-1)/i + 10.
10
Calculate the remainder when 0 - 1 - -145 - -2 is divided by (-29)/(116/40) - -47.
35
Suppose 0 = -11*k + 85 + 4062. What is the remainder when k is divided by 6?
5
Let o = 7 + 69. Suppose 0 = 11*w - 9*w - o. What is the remainder when 150 is divided by w?
36
Let d = 16 + -3. Let y(z) = -3*z**3 - 7*z**2 + 9*z - 8. Let g be y(-5). Let v = -142 + g. What is the remainder when d is divided by v?
3
Suppose -2*w - 4*n = -18, 2*w + 17*n = 18*n - 7. Calculate the remainder when -2 - (-3 + w)*23*1 is divided by 7.
6
Suppose 79*y + 17 = x + 76*y, -23 = -4*x - 3*y. Calculate the remainder when 153 is divided by x.
1
Suppose -4*b = -5*k + 30, -3*k = -4*k - b - 3. Let f be 0/((k/3)/(2/(-3))). Suppose 7*i - 651 = -f*i. What is the remainder when i is divided by 19?
17
What is the remainder when -1*(-81)/(2 - 1) is divided by 1 + 36/1 + 6 + (-8 - (-18 - -8))?
36
Let d(k) be the third derivative of -k**5/60 - k**4/2 - 7*k**3/3 - 58*k**2. What is the remainder when 129 is divided by d(-3)?
12
Let i(r) = 26*r + 424. What is the remainder when 375 is divided by i(-16)?
7
Let n = 2 + -10. Let x(s) = s + 2. Let d be x(n). Let l(z) = -6*z + 17. What is the remainder when l(d) is divided by 28?
25
Let r be 153/15*-1 - 2/(-10). Let f(w) = w**2 + 28*w. Let n be f(r). What is the remainder when (-8 - -3)/(n/44 - -4) is divided by 24?
7
Let g(t) = t - 1. Suppose -2 = 2*k - 8, -3*i + 3*k = -9. Calculate the remainder when g(8) is divided by i.
1
Let l be 2/4 - (-9)/6. Let u = -41 + 209. Calculate the remainder when u is divided by ((-1032)/(-36))/(-1*l/(-3)).
39
Suppose 0 = 14*b - 17200 + 15842. Calculate the remainder when 681 is divided by b.
2
Suppose -2*r + 2 + 2 = 0. Suppose -r*b = -n + 2*n, 2*n = -3*b + 5. What is the remainder when n is divided by 7?
3
Let p = 6732 - 6173. What is the remainder when p is divided by 28?
27
Let a(t) = 443*t + 9398. Calculate the remainder when a(-21) is divided by 5.
0
What is the remainder when (-4)/22 - 4062/99*-39 is divided by 321?
316
Let w(y) = 27*y**2 - 27*y + 11. What is the remainder when 8213 is divided by w(1)?
7
Let y(n) = 739*n + 5218. Calculate the remainder when 10303 is divided by y(-7).
43
Let u(h) = 4*h**2 - 6*h - 2. Let n be (-7)/(-2)*(8/14 + 0). Let m be u(n). Suppose -3*y = f - 34, -m*y = -7*y. What is the remainder when f is divided by 18?
16
Let z(l) = -l**3 + 14*l**2 + 20*l - 58. What is the remainder when z(12) is divided by 27?
11
Let g(r) = -3*r**2 + 24*r + 19. Suppose 5*p - 3*z - 33 = 2*p, -2*p = -4*z - 28. Calculate the remainder when 340 is divided by g(p).
17
Let u(n) = -n**3 - 8*n**2 + 5*n - 23. Let d be u(-9). Suppose -6*x = d*x - 1216. What is the remainder when x is divided by 12?
4
Let q = -451 - -453. Suppose 2*b = -3*t + 42, 6*t = -5*b + q*t + 91. What is the remainder when b is divided by 6?
3
Let z(k) = -2*k - 10. Let o be z(-6). Suppose 2*d - 6 = -o. What is the remainder when 390/9*(3/d - 0) is divided by 17?
14
Suppose s + 73 - 128 = 0. Suppose 2*r = 6*t - 3*t - 985, r + 655 = 2*t. What is the remainder when t is divided by s?
50
Suppose -73 + 21 = -13*x. Suppose -4*q - 4 = 0, 5*w - x*q + 7*q - 242 = 0. Calculate the remainder when 195 is divided by w.
48
Suppose -275 + 23 - 223 = -25*n. Suppose -r = -0*r - 52. What is the remainder when r is divided by n?
14
Suppose 0 = 2*l + 2 - 0. Let m be 2*-2 + (45 - l). Let b = 54 - m. What is the remainder when 71 is divided by b?
11
Let x be 44/(32/8) + 0/1. Suppose 0 = 4*j + o - 167, 10*j - x*j - 4*o = -38. Calculate the remainder when 123 is divided by j.
39
Let x = -101 - -105. Suppose -5*i - x*b = -1345, -2*b - 612 + 56 = -2*i. Calculate the remainder when i is divided by 46.
43
Let p = 0 + 14. Let u(d) = -d**3 - 2*d**2 + 6*d + 11. Let f be u(-4). Suppose -683 - 590 = -f*n. What is the remainder when n is divided by p?
11
Suppose 7*i - 35 + 14 = 0. Suppose -5*w = -9*w - 3*m + 16, -i*m = -2*w + 8. Let c = 10 + 9. What is the remainder when c is divided by w?
3
Let x(d) = 97*d + 1665. Let b be -1 + 2*(-1)/1. What is the remainder when ((-3)/b)/((-3)/(-177)) is divided by x(-17)?
11
Suppose 0 = 5*l + 3*g - 82, -3*l - 53 = -2*g - 106. Suppose 5*y + 2*h - 809 = 0, 5*h = -3*y - 0*y + 474. What is the remainder when y is divided by l?
10
Suppose 0*h + 50 = 2*j + 2*h, -3*j + 79 = 2*h. Calculate the remainder when 35 is divided by j.
6
Let f = 344 - 82. Suppose 4*d - 262 = f. Let w(p) = 23*p**2 - 315*p - 76. What is the remainder when d is divided by w(14)?
21
Let v(c) = -c**2 + 202*c - 1118. Calculate the remainder when v(179) is divided by 100.
99
Let v(w) = -2*w**2 + 34*w + 57. Suppose -4*l + 44 = 2*d + 2*d, d - l - 13 = 0. What is the remainder when v(18) is divided by d?
9
Suppose 8 = 2*v, -2*o - 5*v + 22 = -v. Suppose 2*q - w - 114 = -3*w, 0 = -o*q + 2*w + 186. Calculate the remainder when q is divided by 34.
26
Suppose -4*n + 1658 = 374. Let a = -310 + n. Calculate the remainder when 71 is divided by a.
5
Suppose -2*l = a - 4 - 27, 3*l = 3*a + 60. Calculate the remainder when 14598/54 + (17/3 - (14 - 9)) is divided by l.
16
Suppose -60*l - 1140 = -129*l + 6795. What is the remainder when l is divided by 51?
13
Suppose 4*j = 5*t + 6*j - 747, -3*t = -3*j - 444. Suppose 0 = -4*o + t - 1. Let p = 79 - o. What is the remainder when 123 is divided by p?
39
Let u be 14/(((-3)/(-2))/((-3)/(-2))). Suppose 15 = 4*a - 3*q, 0 = -2*a - a + 5*q + u. Suppose 8*v = -a*v + 99. Calculate the remainder when v is divided by 3.
0
Let f(y) = -y**2 + 7*y + 17. Suppose 0 = 28*h - 165 - 1235. What is the remainder when h is divided by f(8)?
5
Let u = -199 - -283. Let l be 1 + 1 + -6 + 8. Suppose -l*q + 3*v = q - 157, -3*v = 12. What is the remainder when u is divided by q?
26
Let i = -827 + 857. Let o(g) = 9*g. Calculate the remainder when i is divided by o(2).
12
Let i = 227 - -59. Let t = i - 254. What is the remainder when 85 is divided by t?
21
Suppose 78 = l + 2*l + 2*z, 2*l = z + 45. Suppose 19*p - 285 = 16*p. Calculate the remainder when p is divided by l.
23
What is the remainder when 98 is divided by (-1)/(-2)*-1 - (-4687)/86?
44
Let f = -125 - -143. What is the remainder when ((-529)/69)/((-1)/f) is divided by 29?
22
Suppose 0 = 26*f - 15*f + 979. Let n = f + 102. Calculate the remainder 